{"id":243,"date":"2014-03-12T18:34:01","date_gmt":"2014-03-12T17:34:01","guid":{"rendered":"http:\/\/sama-sama.fr\/test\/?page_id=243"},"modified":"2014-03-23T19:10:46","modified_gmt":"2014-03-23T18:10:46","slug":"conception","status":"publish","type":"page","link":"http:\/\/sama-sama.fr\/test\/conception\/","title":{"rendered":"Conception"},"content":{"rendered":"<p><strong>Conception<\/strong><\/p>\n<p><strong>Cr\u00e9er en utilisant le bois fossilis\u00e9 comme composant principal d\u2019installations artistiques<\/strong><\/p>\n<p>Cette id\u00e9e est innovante car elle n\u2019existe pas actuellement sur le march\u00e9 de l\u2019art. Certains artisans indon\u00e9siens commercialisent des plaques de bois fossilis\u00e9. En fait, ces plaques sont des chutes provenant de l\u2019usinage de grosses pi\u00e8ces : troncs, vasques ou tables. Elles ont l\u2019aspect, les nuances et l\u2019empreinte du bois. N\u00e9anmoins, il s\u2019agit d\u2019un min\u00e9ral fossilis\u00e9.<\/p>\n<p>Le concept \u00ab Sama-Sama &#8211; l\u2019\u00e9cho d\u2019ailleurs \u00bb r\u00e9v\u00e8le les caract\u00e9ristiques artistiques intrins\u00e8ques de ce mat\u00e9riau d\u2019exception en lui associant des mati\u00e8res naturelles Indon\u00e9siennes. Dans les installations artistiques, le bois, les v\u00e9g\u00e9taux, les min\u00e9raux pr\u00e9servent l\u2019identit\u00e9 du bois fossilis\u00e9 jusque dans les encadrements sp\u00e9cifiquement con\u00e7us pour ces compositions.<\/p>\n<p>Ces installations se d\u00e9clinent en quatre lignes de produit.<\/p>\n<style><!--\n.entry-title {display:none;}\n--><\/style>\n","protected":false},"excerpt":{"rendered":"<p>Conception Cr\u00e9er en utilisant le bois fossilis\u00e9 comme composant principal d\u2019installations artistiques Cette id\u00e9e est innovante car elle n\u2019existe pas actuellement sur le march\u00e9 de l\u2019art. Certains artisans indon\u00e9siens commercialisent des plaques de bois fossilis\u00e9. En fait, ces plaques sont des chutes provenant de l\u2019usinage de grosses pi\u00e8ces : troncs, \u2026 <a class=\"continue-reading-link\" href=\"http:\/\/sama-sama.fr\/test\/conception\/\"> Continue reading <span class=\"meta-nav\">&rarr; <\/span><\/a><\/p>\n","protected":false},"author":1,"featured_media":0,"parent":0,"menu_order":0,"comment_status":"closed","ping_status":"closed","template":"","meta":[],"_links":{"self":[{"href":"http:\/\/sama-sama.fr\/test\/wp-json\/wp\/v2\/pages\/243"}],"collection":[{"href":"http:\/\/sama-sama.fr\/test\/wp-json\/wp\/v2\/pages"}],"about":[{"href":"http:\/\/sama-sama.fr\/test\/wp-json\/wp\/v2\/types\/page"}],"author":[{"embeddable":true,"href":"http:\/\/sama-sama.fr\/test\/wp-json\/wp\/v2\/users\/1"}],"replies":[{"embeddable":true,"href":"http:\/\/sama-sama.fr\/test\/wp-json\/wp\/v2\/comments?post=243"}],"version-history":[{"count":4,"href":"http:\/\/sama-sama.fr\/test\/wp-json\/wp\/v2\/pages\/243\/revisions"}],"predecessor-version":[{"id":630,"href":"http:\/\/sama-sama.fr\/test\/wp-json\/wp\/v2\/pages\/243\/revisions\/630"}],"wp:attachment":[{"href":"http:\/\/sama-sama.fr\/test\/wp-json\/wp\/v2\/media?parent=243"}],"curies":[{"name":"wp","href":"https:\/\/api.w.org\/{rel}","templated":true}]}}