{"id":245,"date":"2014-03-12T18:34:16","date_gmt":"2014-03-12T17:34:16","guid":{"rendered":"http:\/\/sama-sama.fr\/test\/?page_id=245"},"modified":"2014-03-23T19:11:25","modified_gmt":"2014-03-23T18:11:25","slug":"philosophie-de-creation","status":"publish","type":"page","link":"http:\/\/sama-sama.fr\/test\/philosophie-de-creation\/","title":{"rendered":"Philosophie de cr\u00e9ation"},"content":{"rendered":"<p><strong>Philosophie de cr\u00e9ation<\/strong><\/p>\n<p>Depuis l\u2019\u00e9t\u00e9 2013, nous savions que le bois fossilis\u00e9 serait l\u2019\u00e9l\u00e9ment essentiel de nos installations artistiques.<\/p>\n<p>Il nous a fallu quelques mois pour d\u00e9finir comment mettre en \u0153uvre ce projet. Avec le temps, l\u2019\u00e9vidence s\u2019est impos\u00e9e \u00e0 nous\u00a0: la r\u00e9ussite de ce projet implique une immersion artistique de quelques semaines en Indon\u00e9sie. Cette d\u00e9cision s\u2019est r\u00e9v\u00e9l\u00e9e cruciale pour deux raisons.<\/p>\n<p>Premi\u00e8rement, la proximit\u00e9 de la source mati\u00e8re est un atout indispensable. Nous avons pass\u00e9 des journ\u00e9es enti\u00e8res \u00e0 s\u00e9lectionner le bois fossilis\u00e9 id\u00e9al pour nos compositions. Il faut en effet une r\u00e9elle connexion avec la mati\u00e8re pour apprendre \u00e0 lire les fractures, les inclusions et les couleurs. C\u2019est \u00e0 partir de ce moment que le bois r\u00e9v\u00e8le la continuit\u00e9, la liaison des lignes qui se sont perdues dans le temps.<\/p>\n<p>La r\u00e9alisation artistique devient alors une \u00e9vidence\u00a0: nettoyage, d\u00e9coupe, fracture, polissage et vernissage du bois fossilis\u00e9 ainsi que l\u2019\u00e9laboration du fond color\u00e9 associ\u00e9 \u00e0 un encadrement sp\u00e9cifique \u00e0 chaque th\u00e8me.<\/p>\n<p>Deuxi\u00e8mement, la pr\u00e9sence de sources in\u00e9puisables de mat\u00e9riaux, v\u00e9g\u00e9taux et d\u2019artisans ayant la comp\u00e9tence de les travailler nous procure un environnement propice \u00e0 la r\u00e9alisation. Les encadrements utilis\u00e9s illustrent cet apport artistique de proximit\u00e9.<\/p>\n<p>25\u00a0millions d\u2019ann\u00e9es d\u00e9rivent naturellement sur l\u2019aube de l\u2019humanit\u00e9. C\u2019est la raison pour laquelle des \u00e9l\u00e9ments tribaux apparaissent dans nos compositions \u00ab\u00a0ethniques\u00a0\u00bb m\u00eame s\u2019il est \u00e9vident qu\u2019ils ne sont pas contemporains du bois p\u00e9trifi\u00e9.<\/p>\n<style><!--\n.entry-title {display:none;}\n--><\/style>\n","protected":false},"excerpt":{"rendered":"<p>Philosophie de cr\u00e9ation Depuis l\u2019\u00e9t\u00e9 2013, nous savions que le bois fossilis\u00e9 serait l\u2019\u00e9l\u00e9ment essentiel de nos installations artistiques. Il nous a fallu quelques mois pour d\u00e9finir comment mettre en \u0153uvre ce projet. Avec le temps, l\u2019\u00e9vidence s\u2019est impos\u00e9e \u00e0 nous\u00a0: la r\u00e9ussite de ce projet implique une immersion artistique \u2026 <a class=\"continue-reading-link\" href=\"http:\/\/sama-sama.fr\/test\/philosophie-de-creation\/\"> Continue reading <span class=\"meta-nav\">&rarr; <\/span><\/a><\/p>\n","protected":false},"author":1,"featured_media":0,"parent":0,"menu_order":0,"comment_status":"closed","ping_status":"closed","template":"","meta":[],"_links":{"self":[{"href":"http:\/\/sama-sama.fr\/test\/wp-json\/wp\/v2\/pages\/245"}],"collection":[{"href":"http:\/\/sama-sama.fr\/test\/wp-json\/wp\/v2\/pages"}],"about":[{"href":"http:\/\/sama-sama.fr\/test\/wp-json\/wp\/v2\/types\/page"}],"author":[{"embeddable":true,"href":"http:\/\/sama-sama.fr\/test\/wp-json\/wp\/v2\/users\/1"}],"replies":[{"embeddable":true,"href":"http:\/\/sama-sama.fr\/test\/wp-json\/wp\/v2\/comments?post=245"}],"version-history":[{"count":7,"href":"http:\/\/sama-sama.fr\/test\/wp-json\/wp\/v2\/pages\/245\/revisions"}],"predecessor-version":[{"id":631,"href":"http:\/\/sama-sama.fr\/test\/wp-json\/wp\/v2\/pages\/245\/revisions\/631"}],"wp:attachment":[{"href":"http:\/\/sama-sama.fr\/test\/wp-json\/wp\/v2\/media?parent=245"}],"curies":[{"name":"wp","href":"https:\/\/api.w.org\/{rel}","templated":true}]}}