{"id":253,"date":"2014-03-12T18:36:56","date_gmt":"2014-03-12T17:36:56","guid":{"rendered":"http:\/\/sama-sama.fr\/test\/?page_id=253"},"modified":"2014-04-13T19:20:42","modified_gmt":"2014-04-13T18:20:42","slug":"les-pieces-dexception","status":"publish","type":"page","link":"http:\/\/sama-sama.fr\/test\/les-pieces-dexception\/","title":{"rendered":"Les pi\u00e8ces d\u2019exception"},"content":{"rendered":"<p><strong>Les pi\u00e8ces d&rsquo;exception<\/strong><\/p>\n<table>\n<tbody>\n<tr>\n<td class=\"couleur-cellule\"><img loading=\"lazy\" class=\"alignnone size-medium wp-image-732\" alt=\"exception1\" src=\"http:\/\/sama-sama.fr\/test\/wp-content\/uploads\/2014\/03\/exception1-e1396698032204-225x300.jpg\" width=\"225\" height=\"300\" srcset=\"http:\/\/sama-sama.fr\/test\/wp-content\/uploads\/2014\/03\/exception1-e1396698032204-225x300.jpg 225w, http:\/\/sama-sama.fr\/test\/wp-content\/uploads\/2014\/03\/exception1-e1396698032204.jpg 480w\" sizes=\"(max-width: 225px) 100vw, 225px\" \/><\/td>\n<td class=\"couleur-cellule\">Magnifique forme ondul\u00e9e (forme en pouce)<br \/>\nBlanc ext\u00e9rieur, veine noire int\u00e9rieure<br \/>\nHauteur : 72 cm \u2013 Diam\u00e8tre ovo\u00efde : 19 cm<br \/>\nPoids : 32 Kg<\/td>\n<td class=\"couleur-cellule\"><img loading=\"lazy\" class=\"alignnone size-medium wp-image-731\" alt=\"exception2\" src=\"http:\/\/sama-sama.fr\/test\/wp-content\/uploads\/2014\/03\/exception2-e1396698045816-225x300.jpg\" width=\"225\" height=\"300\" srcset=\"http:\/\/sama-sama.fr\/test\/wp-content\/uploads\/2014\/03\/exception2-e1396698045816-225x300.jpg 225w, http:\/\/sama-sama.fr\/test\/wp-content\/uploads\/2014\/03\/exception2-e1396698045816.jpg 480w\" sizes=\"(max-width: 225px) 100vw, 225px\" \/><\/td>\n<td class=\"couleur-cellule\">Pi\u00e8ce rare \u2013 Tronc avec corniche<br \/>\nOcre et cr\u00e8me, veines rouges dominantes<br \/>\nHauteur : 48 cm \u2013 Diam\u00e8tre ovo\u00efde : 40 cm<br \/>\nPoids : 95 Kg<\/td>\n<\/tr>\n<tr>\n<td class=\"couleur-cellule\"><img loading=\"lazy\" class=\"alignnone size-medium wp-image-730\" alt=\"exception3\" src=\"http:\/\/sama-sama.fr\/test\/wp-content\/uploads\/2014\/03\/exception3-e1396698059505-225x300.jpg\" width=\"225\" height=\"300\" srcset=\"http:\/\/sama-sama.fr\/test\/wp-content\/uploads\/2014\/03\/exception3-e1396698059505-225x300.jpg 225w, http:\/\/sama-sama.fr\/test\/wp-content\/uploads\/2014\/03\/exception3-e1396698059505.jpg 480w\" sizes=\"(max-width: 225px) 100vw, 225px\" \/><\/td>\n<td class=\"couleur-cellule\">Pi\u00e8ce rare, forme cubique du tronc avec magnifique \u00e9corce blanche<br \/>\nBlanc ext\u00e9rieur, noir int\u00e9rieur<br \/>\nHauteur : 58 cm \u2013 Diam\u00e8tre ovo\u00efde : 29 cm<br \/>\nPoids : 65 Kg<\/td>\n<td class=\"couleur-cellule\"><img loading=\"lazy\" class=\"alignnone size-medium wp-image-729\" alt=\"exception4\" src=\"http:\/\/sama-sama.fr\/test\/wp-content\/uploads\/2014\/03\/exception4-e1396697947971-225x300.jpg\" width=\"225\" height=\"300\" srcset=\"http:\/\/sama-sama.fr\/test\/wp-content\/uploads\/2014\/03\/exception4-e1396697947971-225x300.jpg 225w, http:\/\/sama-sama.fr\/test\/wp-content\/uploads\/2014\/03\/exception4-e1396697947971-768x1024.jpg 768w, http:\/\/sama-sama.fr\/test\/wp-content\/uploads\/2014\/03\/exception4-e1396697947971.jpg 1048w\" sizes=\"(max-width: 225px) 100vw, 225px\" \/><\/td>\n<td class=\"couleur-cellule\">Pi\u00e8ce rare \u2013 Magnifique effet bois type bouleau avec n\u0153ud \u00e0 la base<br \/>\nPalette de gris, veines graphite, beige et ocre<br \/>\nHauteur : 54 cm \u2013 Diam\u00e8tre : 16 cm<br \/>\nPoids : 38 Kg<\/td>\n<\/tr>\n<tr>\n<td class=\"couleur-cellule\"><img loading=\"lazy\" class=\"alignnone size-medium wp-image-736\" alt=\"exception5\" src=\"http:\/\/sama-sama.fr\/test\/wp-content\/uploads\/2014\/03\/exception5-e1396697967866-225x300.jpg\" width=\"225\" height=\"300\" srcset=\"http:\/\/sama-sama.fr\/test\/wp-content\/uploads\/2014\/03\/exception5-e1396697967866-225x300.jpg 225w, http:\/\/sama-sama.fr\/test\/wp-content\/uploads\/2014\/03\/exception5-e1396697967866-768x1024.jpg 768w, http:\/\/sama-sama.fr\/test\/wp-content\/uploads\/2014\/03\/exception5-e1396697967866.jpg 1061w\" sizes=\"(max-width: 225px) 100vw, 225px\" \/><\/td>\n<td class=\"couleur-cellule\">Pi\u00e8ce unique ; sculpture d\u2019arbre Bambou \u00e0 quatre branches dans du bois fossile<br \/>\nEffets marbr\u00e9s noirs et blancs, nuances d\u2019ocre, beige, brun et bleu<br \/>\nHauteur : 137 cm \u2013 Diam\u00e8tre : 54 cm<br \/>\nPoids : 80 Kg<\/td>\n<td class=\"couleur-cellule\"><img loading=\"lazy\" class=\"alignnone size-medium wp-image-735\" alt=\"exception6\" src=\"http:\/\/sama-sama.fr\/test\/wp-content\/uploads\/2014\/03\/exception6-e1396697980449-224x300.jpg\" width=\"224\" height=\"300\" srcset=\"http:\/\/sama-sama.fr\/test\/wp-content\/uploads\/2014\/03\/exception6-e1396697980449-224x300.jpg 224w, http:\/\/sama-sama.fr\/test\/wp-content\/uploads\/2014\/03\/exception6-e1396697980449-767x1024.jpg 767w, http:\/\/sama-sama.fr\/test\/wp-content\/uploads\/2014\/03\/exception6-e1396697980449.jpg 1065w\" sizes=\"(max-width: 224px) 100vw, 224px\" \/><\/td>\n<td class=\"couleur-cellule\">Pi\u00e8ce unique : sculpture d\u2019arbre Bambou \u00e0 quatre branches dans du bois fossile<br \/>\nEffets marbr\u00e9s noirs et blancs, nuances d\u2019ocre, beige, brun et bleu<br \/>\nHauteur : 137 cm \u2013 Diam\u00e8tre : 54 cm<br \/>\nPoids : 80 Kg<\/td>\n<\/tr>\n<tr>\n<td class=\"couleur-cellule\"><img loading=\"lazy\" class=\"alignnone size-medium wp-image-734\" alt=\"exception7\" src=\"http:\/\/sama-sama.fr\/test\/wp-content\/uploads\/2014\/03\/exception7-e1396698011765-225x300.jpg\" width=\"225\" height=\"300\" srcset=\"http:\/\/sama-sama.fr\/test\/wp-content\/uploads\/2014\/03\/exception7-e1396698011765-225x300.jpg 225w, http:\/\/sama-sama.fr\/test\/wp-content\/uploads\/2014\/03\/exception7-e1396698011765.jpg 480w\" sizes=\"(max-width: 225px) 100vw, 225px\" \/><\/td>\n<td class=\"couleur-cellule\">Pi\u00e8ce unique : sculpture d\u2019arbre Bambou \u00e0 quatre branches dans du bois fossile<br \/>\nEffets marbr\u00e9s gris et blancs<br \/>\nHauteur : 90 cm \u2013 Diam\u00e8tre : 40 cm<br \/>\nPoids : 50 Kg<\/td>\n<td class=\"couleur-cellule\"><img loading=\"lazy\" class=\"alignnone size-medium wp-image-733\" alt=\"exception8\" src=\"http:\/\/sama-sama.fr\/test\/wp-content\/uploads\/2014\/03\/exception8-e1396698022317-225x300.jpg\" width=\"225\" height=\"300\" srcset=\"http:\/\/sama-sama.fr\/test\/wp-content\/uploads\/2014\/03\/exception8-e1396698022317-225x300.jpg 225w, http:\/\/sama-sama.fr\/test\/wp-content\/uploads\/2014\/03\/exception8-e1396698022317.jpg 480w\" sizes=\"(max-width: 225px) 100vw, 225px\" \/><\/td>\n<td class=\"couleur-cellule\">Pi\u00e8ce rare, tranche circulaire dans un tronc de bois fossile \u2013 Peut \u00eatre utilis\u00e9e en table<br \/>\nEffets marbres gris et cr\u00e8me avec veines rouges et brunes, surface miroir glac\u00e9e<br \/>\nHauteur : 40 cm \u2013 Diam\u00e8tre ovo\u00efde : 65 cm<br \/>\nPoids : 50 Kg<\/td>\n<\/tr>\n<tr>\n<\/tbody>\n<\/table>\n","protected":false},"excerpt":{"rendered":"<p>Les pi\u00e8ces d&rsquo;exception Magnifique forme ondul\u00e9e (forme en pouce) Blanc ext\u00e9rieur, veine noire int\u00e9rieure Hauteur : 72 cm \u2013 Diam\u00e8tre ovo\u00efde : 19 cm Poids : 32 Kg Pi\u00e8ce rare \u2013 Tronc avec corniche Ocre et cr\u00e8me, veines rouges dominantes Hauteur : 48 cm \u2013 Diam\u00e8tre ovo\u00efde : 40 cm \u2026 <a class=\"continue-reading-link\" href=\"http:\/\/sama-sama.fr\/test\/les-pieces-dexception\/\"> Continue reading <span class=\"meta-nav\">&rarr; <\/span><\/a><\/p>\n","protected":false},"author":1,"featured_media":0,"parent":0,"menu_order":0,"comment_status":"closed","ping_status":"closed","template":"","meta":[],"_links":{"self":[{"href":"http:\/\/sama-sama.fr\/test\/wp-json\/wp\/v2\/pages\/253"}],"collection":[{"href":"http:\/\/sama-sama.fr\/test\/wp-json\/wp\/v2\/pages"}],"about":[{"href":"http:\/\/sama-sama.fr\/test\/wp-json\/wp\/v2\/types\/page"}],"author":[{"embeddable":true,"href":"http:\/\/sama-sama.fr\/test\/wp-json\/wp\/v2\/users\/1"}],"replies":[{"embeddable":true,"href":"http:\/\/sama-sama.fr\/test\/wp-json\/wp\/v2\/comments?post=253"}],"version-history":[{"count":11,"href":"http:\/\/sama-sama.fr\/test\/wp-json\/wp\/v2\/pages\/253\/revisions"}],"predecessor-version":[{"id":728,"href":"http:\/\/sama-sama.fr\/test\/wp-json\/wp\/v2\/pages\/253\/revisions\/728"}],"wp:attachment":[{"href":"http:\/\/sama-sama.fr\/test\/wp-json\/wp\/v2\/media?parent=253"}],"curies":[{"name":"wp","href":"https:\/\/api.w.org\/{rel}","templated":true}]}}